l**2 + 4*l. Let v be i(-3). Let m = 8 - v. Let w = -97 + 146. What is the remainder when w is divided by m?
5
Let l(i) = -2*i + 28. Let o(p) = p**3 + 35*p**2 + 2*p + 77. Let a be o(-35). What is the remainder when 25 is divided by l(a)?
11
Let v = -74 - -106. Let r = v - 332. What is the remainder when (-4)/(-30) - 31460/r is divided by 18?
15
Let u(q) = 23*q - 203. Calculate the remainder when u(102) is divided by 55.
53
Suppose 2*i = -4*b + 20, 4*i - 2*b + 358 = 418. Calculate the remainder when 78 is divided by i.
8
Let f = -6 - -8. Let g = 8 - -1. What is the remainder when g is divided by (2*f*(-5)/(-10))/1?
1
Suppose p = -3*l + 137, -215 = -5*l + p - 6*p. Calculate the remainder when 2582 is divided by l.
44
Suppose i - 54 = -2*l, 0*i = 2*l + 3*i - 62. Suppose 0 = -48*v + 43*v - l. What is the remainder when (-464)/v - (-11)/55 is divided by 24?
21
What is the remainder when (5031/172)/(2/8) is divided by 68?
49
Let w(k) be the third derivative of -k**6/60 + k**5/30 + k**4/24 - k**3/6 + 7*k**2. Let f be w(-2). Calculate the remainder when 35 is divided by (7/f)/(3/108).
11
Suppose 2*m - 7*m - 3*m = 0. Suppose -3*s - 5*w = -184, 61 = s + 2*w - m. Calculate the remainder when s is divided by 16.
15
Suppose -352 = -h + 3*g, -h + 368 = -10*g + 11*g. Calculate the remainder when 1104 is divided by h.
12
Suppose -q + 5*k = -1027, 22 = -3*k + 34. Let r = q + -1032. Suppose 821 = 5*z - a, 5*a + 825 = 2*z + 3*z. Calculate the remainder when z is divided by r.
14
Let g = 7936 + -7919. Calculate the remainder when 1544 is divided by g.
14
Suppose 5*m + 2*t - 11 - 182 = 0, 4*m = 2*t + 140. What is the remainder when 17128 is divided by m?
34
Let w(l) = -l**2 - 13*l - 19. Let q be w(-11). Suppose -4*r + q*f = -116 - 19, -f = -r + 35. Suppose d + 6 = r. What is the remainder when 116 is divided by d?
20
Let z(p) = p**3 - 5*p**2 + 4*p + 7. Let j = -147 - -219. Let y = 95 - j. What is the remainder when z(6) is divided by y?
21
Let q(t) = 4*t**2 - 2*t + 7. Let y be q(-3). Suppose 4*c - 55 = y. Calculate the remainder when 75 is divided by c.
23
Suppose -g + 23*c = 26*c - 40, -5*g = 2*c - 161. Calculate the remainder when 1486 is divided by g.
29
Let a(p) = p**2 + 7*p - 13. Let f(d) = 13*d + 154. Let k be f(-13). Let r(s) = 2*s**3 - 4*s**2 + 2*s + 3. Calculate the remainder when a(k) is divided by r(3).
26
Let l = -120158 + 120194. What is the remainder when (-1048)/(-6) + 1/3 is divided by l?
31
Suppose 15*x - 8 = 17*x. Let a = 157 + -47. What is the remainder when a is divided by (76/12)/(x/(-12))?
15
Let y = 641 + -305. Suppose -4*r - 2*j = -676, 2*r - y = -0*r - 2*j. Calculate the remainder when r is divided by 45.
35
Let k = 1142 - 957. Suppose -k*r + 180*r + 260 = 0. What is the remainder when 204 is divided by r?
48
Suppose -5*p + 23 = l, 6*l - 2*l + 3*p - 24 = 0. Calculate the remainder when (-3)/(-7 - -4)*5 is divided by l.
2
Let r be (2 - 1) + (-180)/(-2). Let u = 93 - r. What is the remainder when u + ((-135)/(-3) - (3 - 3)) is divided by 5?
2
Suppose 0 = 3*m + 151*f - 149*f - 33641, -3*m + f = -33638. What is the remainder when m is divided by 142?
137
Let w(u) = 10*u + 46*u**2 - 21*u**2 - 24*u**2 - 41. Calculate the remainder when 200 is divided by w(-15).
30
Let y(j) = 52*j**2 - 4*j + 11. Let p be y(-6). Let z = -1317 + p. What is the remainder when z/20*2/(-1)*-1 is divided by 15?
14
Suppose -2*t + 8 = 2*o, 11 = 2*t + 5. Let i(w) = 111*w**2 + 4*w - 1. Calculate the remainder when i(o) is divided by 35.
9
Let h = 449 - 409. Suppose h*m + 406 = 47*m. Calculate the remainder when 226 is divided by m.
52
Let a(z) = -4*z**3 - 63*z**2 - 187*z - 81. Suppose 48 = 2*i + 2*i. Let q = 45 - i. Calculate the remainder when q is divided by a(-12).
0
Let c be 6/12*2*(-53 - 1). Let k = -148 - c. Let d = 237 + k. What is the remainder when d is divided by 24?
23
Suppose -2*k - 9 = 5*l - 95, 5*l - 89 = -3*k. Suppose -5*m = 2*t - 210, m + 4*t = -0*t + 42. Calculate the remainder when m is divided by 154/10 + l/(-40).
12
Suppose -3*m + b = -122, 38 = 3*m - 2*m - b. Suppose -m = 3*d - 5*d. Let v = d + -13. What is the remainder when 38 is divided by v?
6
Suppose 5*c - 4194 = -5*j - 1094, -j - 5*c + 624 = 0. Calculate the remainder when j is divided by 123.
4
Let d = -10 - -14. Let t(s) = s**3 + 12*s**2 - s + 17. Suppose -28 - 32 = 5*x. Calculate the remainder when t(x) is divided by d.
1
Let y = -10 + 10. Suppose -5*c + 2*c - w + 73 = y, -15 = -c + 2*w. Let a = -89 + 179. What is the remainder when a is divided by c?
21
Calculate the remainder when 1212 is divided by (2340/13)/10 + 20.
34
Suppose 0 = 5*h - 2*u - 56, 2*h + 4*u - 6 = 2. Calculate the remainder when 4/68 + 0 - 327631/(-1037) is divided by h.
6
Let j = -11 + 3. Let c be ((-1)/(-3))/((-20)/(-30) + -1). Let a = c - j. What is the remainder when a is divided by 3?
1
Let a(v) = -39*v + 4. Suppose -3*u + s = -4, 0 = -s - 1 - 0. Let f be a(u). Let l = 23 - f. Calculate the remainder when l is divided by 22.
14
Let w(t) = -36*t + 2877. What is the remainder when w(56) is divided by 48?
45
Let c = -74 - -188. Let d(q) = 8*q**2 - q + 1. Calculate the remainder when d(-2) is divided by (988/c)/(-2*2/(-6)).
9
Suppose 4 = -t - 3*a, 3*t + 2*a + 12 = -0*a. Let u be (t + 30 + 2)*-1. Calculate the remainder when (21/u)/((-1)/40) is divided by 8.
6
Suppose -47*p + 10770 = -17*p. Calculate the remainder when p is divided by 90.
89
Let n(m) = 2*m**2 + 14*m + 9. Suppose 2*r + 12 = -10. Let v(d) = -5*d - 55. What is the remainder when n(r) is divided by v(-16)?
22
What is the remainder when (-20)/2 - (-14 - 66) is divided by 44?
26
Suppose 0 = -2*p + c - 45041 + 132834, 0 = -2*p - 2*c + 87778. What is the remainder when p is divided by 24?
22
Let y(m) = 5*m**2 + 56*m + 101. Calculate the remainder when 3730 is divided by y(-10).
40
Let z = -17794 + 17814. Calculate the remainder when 905 is divided by z.
5
Suppose -3*h + 10*p - 7*p = -2103, -2814 = -4*h - p. What is the remainder when 1427 is divided by h?
21
Suppose -729 = -179*d - 77*d + 551. Let s(k) = k**2 + 3*k - 3. Let h = -8 + 3. What is the remainder when s(h) is divided by d?
2
Let s = -4894 + 4935. Calculate the remainder when 199 is divided by s.
35
Let m be (-1152)/(-27) - 9 - 2/(-6). Let p = 58 - m. What is the remainder when p is divided by 18?
6
Suppose 6*a - 80 = -10*a. Suppose -2*p - 4*d + 154 = 0, p - a*p = 4*d - 324. What is the remainder when p is divided by 15?
10
What is the remainder when (-254144)/(-1760) + (4/(-10))/(2/7) is divided by 10?
3
Let p(m) = -6*m - 24 + 0*m + 12*m. Let d(k) = -k**3 - 20*k**2 - 21*k - 35. What is the remainder when p(6) is divided by d(-19)?
0
Calculate the remainder when (3/2 + -1)*327*(-1360)/(-24) is divided by 113.
112
Let x be (6/9)/(18/2295). Suppose 2*o - 7*o + 4*a + x = 0, -a + 34 = 3*o. Calculate the remainder when 1 + -3 - (-1 + -39) is divided by o.
12
Suppose 0 = -n + 81 - 20. Suppose 3*d + 3*b - 2 = 7, 3*d - 29 = b. What is the remainder when n is divided by 7*3 + 4/d*0?
19
Suppose -16544 - 8580 = -571*j. Calculate the remainder when 150 is divided by j.
18
Let i(t) = -t**3 - 12*t**2 + 15. Let s be i(-12). What is the remainder when 9*(-1)/4*(-980)/105 is divided by (-1 + s/4)*4?
10
Suppose 20338 + 853 = 16*x + 519. Calculate the remainder when x is divided by 417.
41
Let m(y) = 4*y + 15. Let h be m(-3). Let a(p) = -p + 6. What is the remainder when 3 is divided by a(h)?
0
Calculate the remainder when (0 - ((-12 - -6 - 608) + 4))*17 is divided by 11.
8
Let j(b) = b**3 + 3*b**2 - 241*b + 17. What is the remainder when j(-17) is divided by 38?
30
Let o = -2732 + 2800. Calculate the remainder when 232 is divided by o.
28
Suppose -3*j + 875 = 2*j. Let l = 2 + 0. Suppose -3*u = l*b - 63, -7*u + j = 5*b - 3*u. What is the remainder when b is divided by 21?
18
Let f(l) = l**3 + 2*l**2 - 25. Let n be f(0). Let q = n + 31. What is the remainder when ((-3)/1 - -5) + 21 is divided by q?
5
Let d(y) = 6*y**2 - 42*y - 2. Let u be d(8). Suppose 0 = u*z - 4692 - 1058. What is the remainder when z is divided by 32?
29
Let k(o) = -o**3 - 8*o**2 + 30*o - 11. Let f(w) = 7*w**2 + 5*w - 4. Calculate the remainder when f(-4) is divided by k(-11).
0
Suppose 0 = -26*c - 8*c + 6630. Let u = c + -59. What is the remainder whe